Let v(k) = k**3 - 6*k**2 + 2*k - 1. Let n be v(x). Suppose n = 3*o - 79. What is the units digit of o?
7
Suppose -2*m - o = 33, 5*m + 3*o + 19 = 4*m. What is the units digit of (-570)/m - 15/(-40)?
6
Let q(b) = -b**3 + 3*b**2 + 4*b - 2. Let j be q(-4). Let p = j - 17. What is the units digit of (p - -1)*2/4?
9
Suppose 0*k - 3*r - 105 = k, -335 = 3*k - r. Suppose -5*i + 3 = -4*h + 17, h + 28 = -4*i. What is the tens digit of 2/(i/k)*1?
3
Let f = -319 - -399. What is the tens digit of f?
8
Let l(r) = -r**3 + 12*r**2 - 5*r + 15. What is the hundreds digit of l(8)?
2
What is the tens digit of (0 - 358 - -5)*-1?
5
Let o = 637 + -385. Suppose -o = c - 5*c. What is the tens digit of c?
6
Suppose 2546 = 27*s - 8*s. What is the units digit of s?
4
Let j(b) = b**2 - 3. Suppose -5*x + 24 = w, 0*w = -2*w - 2. Suppose -c = -h, -h + 5 + x = c. What is the units digit of j(c)?
2
Let s = 602 + -305. Let g be s/(-22) - 1/(-2). Let r = g + 19. What is the units digit of r?
6
Let q(k) = -2 - 5*k + 4 + 5*k + k**2. Let w be q(2). What is the tens digit of 9/(2 + (-10)/w)?
2
Let m(w) = -2*w + 9. Let o be m(10). Let c = o + 10. What is the units digit of (3 - (c - -1)) + 1?
4
Let n(x) be the third derivative of -x**6/60 + x**5/60 + x**4/12 - x**3/6 + 7*x**2. Let h be n(2). Let f = h - -15. What is the units digit of f?
6
Let k(i) = i**2 + 3*i - 3. Let y(b) = -b + 7. Let d be y(5). Let f be k(d). Suppose -3*u - 100 = -5*o, 4*u - f*u - 15 = 0. What is the tens digit of o?
1
Let m(w) = 2*w**3 - 5*w**2 - 11*w - 13. What is the tens digit of m(11)?
2
Suppose 9*l + 577 = 14401. What is the units digit of l?
6
What is the units digit of 2 - -1 - 8260/(-5 - -1)?
8
Suppose c + 2*b - b - 64 = 0, -b = -4*c + 231. What is the tens digit of c/((-3)/(-3)) + -2?
5
Suppose -8*x + 370 = -118. What is the units digit of x?
1
Suppose 180 = -5*a + 5*b, -2*a - 33 = 2*b + 55. Let h = a - -102. What is the tens digit of h?
6
Suppose 5*l + 1708 = 2*k - 798, -3*k + 1009 = -2*l. Let t = -277 - l. What is the tens digit of t?
2
Suppose 81*c = 78*c + 7179. What is the tens digit of c?
9
Suppose 0 = 3*u - 12, -4*h - 264 = -0*h + 4*u. Suppose 5*l = -0*b - 5*b + 590, 0 = 4*b - l - 482. Let y = b + h. What is the units digit of y?
0
Let c = 29 + -73. Let n(a) = 10*a - 119. Let i be n(19). Let r = i + c. What is the tens digit of r?
2
Let i(j) be the first derivative of 23*j**3 - j - 5. What is the units digit of i(1)?
8
Let t = -15 - -5. Suppose 5*n + b - 2 = 7, -n - 2 = 4*b. What is the units digit of n/4 + (-45)/t?
5
Suppose -2*n + 142 = 5*m - 432, 101 = m + 5*n. Let d be (0 + 1)/(4/m). Suppose -4*t = 4*j - 15 - d, -3*j + t = -13. What is the units digit of j?
6
What is the tens digit of ((-2 - (5 - 10)) + 8)/1?
1
Let v(z) = z**3 + 5*z**2 + 3*z + 4. Let q be v(-2). Suppose -q*m + m + 747 = 0. What is the tens digit of m?
8
Let s(f) = -225*f + 5. Let a(d) = -1126*d + 25. Let t(p) = 2*a(p) - 11*s(p). What is the hundreds digit of t(1)?
2
Suppose 2*j - 5770 = 4*s, -6*j + 6*s + 17270 = 2*s. What is the hundreds digit of j?
8
Let u = -19 - -17. Let l(p) = 2*p**2 + 3*p. Let q be l(u). Suppose -q*z - 3 + 7 = 0. What is the units digit of z?
2
Suppose 0 = -38*z - 17050 + 81004. What is the hundreds digit of z?
6
Let t be 16/24*(-57)/(-2). Suppose d + t = 2*w, -3*d + 10 = -5*d. What is the units digit of w?
7
Let n(t) = -t**2 - 6*t - 3. Let h be n(-4). Let c = 66 - 33. Suppose -h*d + c + 17 = 0. What is the units digit of d?
0
Suppose 5*h + 3*w + 230 = 0, -5*h + 4*w + w = 270. Let i be h/(-28) + (-3)/4. What is the tens digit of ((-96)/30)/(i/(-10))?
3
Suppose -5*t - 3 + 6 = 3*r, r + t = 3. Suppose 9*q - r*q - 255 = 0. What is the units digit of q?
5
Let o(v) = v**3 + 12*v**2 + 11*v - 13. Let u be o(-11). Let c(t) = t - 6. Let i be c(u). Let f = 20 + i. What is the units digit of f?
1
Let g = -4741 + 7930. What is the tens digit of g?
8
Let p(s) = -4*s**3 - 4 + 2 + 3*s**3 - 21*s**2 + 5*s**2 + 16*s. What is the units digit of p(-17)?
5
Let u(p) = p**2 - 7*p + 1. Let i be u(4). Let l = i - -26. What is the units digit of 1/4 - l/(-4)?
4
What is the tens digit of 2330 + (3/4)/((-5)/20)?
2
Suppose 17*p - 6807 = 2917. What is the hundreds digit of p?
5
Let n(j) = j**2 + 6*j + 2. Let d be (-2)/(2/(-9)) - -3. Let l(t) = t**3 - 11*t**2 - 12*t - 8. Let c be l(d). What is the tens digit of n(c)?
1
Let l = 50 - 26. What is the tens digit of l?
2
Let g = -3 + 6. What is the tens digit of (20/(-6))/(g/(-9))?
1
Suppose a + 3*y - y = 610, 2*a + 5*y = 1224. What is the tens digit of a?
0
Let h(n) = n**2 + 5*n - 1. Let q be h(-5). Let s(i) = -3*i. Let m be s(q). Suppose m*b - 42 = -15. What is the units digit of b?
9
Let m(x) = 71*x - 68. What is the hundreds digit of m(5)?
2
Suppose 0*w - 5*w = 260. Let s = -28 - w. What is the tens digit of 1704/s + 4*1?
7
Let u be 252/20 + 3/(-5). Let y be 1 - (-1 - -1*1). Let f = y + u. What is the tens digit of f?
1
Let h(r) be the third derivative of -r**5/60 + r**4/2 - r**3/6 - 4*r**2. Let n be h(5). Suppose -3*w - 4 = -n. What is the units digit of w?
0
Let h = 107 + -149. What is the units digit of (-8472)/h + 10/35?
2
Let j(i) be the third derivative of 13*i**5/60 - i**4/8 + i**3/2 + 23*i**2. What is the hundreds digit of j(3)?
1
Let n be (-2)/(-10) - 416/5. Let d = n + 41. Let s = 74 + d. What is the units digit of s?
2
Let v be -2 + 116*(-3)/(-6). Let z be 29/(-4) + 14/v. Let n = z - -32. What is the units digit of n?
5
Let z(s) = s**2 - 9*s - 22. Let i be z(11). What is the tens digit of i + -3 - (1 - 0)*-101?
9
Let l be 15 + (-2 + 1 - -2). Let a be ((-46)/5)/(l/(-40)). Let h = a - 16. What is the units digit of h?
7
Let b be 2/((-1*4/4)/(-2)). Suppose 5*a + b*k - 448 = 0, -a + 7*k - 3*k = -104. What is the units digit of a?
2
Suppose 0 = 5*m + s - 6*s - 85, 0 = s + 1. What is the tens digit of 760/m*3/(-6)*-4?
9
Suppose 4*l - 3*l - 241 = 0. Let x = 1161 - l. What is the tens digit of x/72 - (-4)/18?
1
Suppose -528 = 7*x - 5344. What is the tens digit of x?
8
Suppose 4*t = b + 7557, -14*t - 9440 = -19*t - 5*b. What is the hundreds digit of t?
8
Suppose 540 = -v + 7*v. Let a = v - 37. What is the units digit of a?
3
Let r = -382 + 1082. What is the hundreds digit of r?
7
Let z = -121 - -166. What is the units digit of z?
5
Let l = -26 - 4. What is the tens digit of -15*5/l*(-536)/(-10)?
3
Let j be 456/(-9)*(-6)/4. Let q = 136 - j. What is the tens digit of q?
6
Suppose -7*z - 482 = 295. Let a = 74 - z. What is the tens digit of a?
8
Let w be (2/(-8))/((-3)/60). Let g = 50 + w. What is the tens digit of g?
5
Suppose 0 = 12*y - 13*y - 5. What is the units digit of -2*16*(y/(-2) - 3)?
6
Suppose -777*a - 1950 = -779*a. What is the hundreds digit of a?
9
Suppose -z - z + 232 = 0. Let b be ((-14)/(-7))/(2/z). Suppose -2*x + y = -b, y = 4*x - 5*x + 52. What is the tens digit of x?
5
Let f(u) = 71*u. Let b be 5/(-10)*0 - -3. Suppose -4*t - 2 = -3*p - 5*t, p = b*t + 4. What is the units digit of f(p)?
1
Suppose -45 = 6*g - g. Let b = g - -14. Suppose -b*m + 100 = 5*y, 3*y - m - 42 = 2*m. What is the units digit of y?
7
Let o(q) = 3*q + 6*q**2 - 3*q + q - 2*q - 1. Let j be o(1). What is the units digit of (j + -5)*-2 - -37?
9
What is the units digit of 508*((-476)/(-255) - (-4)/30)?
6
What is the hundreds digit of 3108/5 + 1 + 3/(-5)?
6
Suppose -3*p = -9 - 3. Suppose -4*v + 18 = 2*f, p*v = -0*v - 5*f + 27. Suppose v = 2*z - 7, b - 5*z = -2. What is the units digit of b?
3
Let o = -958 + 1715. What is the hundreds digit of o?
7
Let w be 777/7*(-4)/(-6). Let q = w - 24. What is the units digit of q?
0
Suppose -4*m + 4*f + 364 = 0, 3*m - 279 = -0*f - 3*f. Suppose 0 = -5*u - 4*q + 355, -5*q + m = 3*u - 2*u. What is the units digit of u?
7
Let c = -780 + 3244. What is the tens digit of c?
6
Let t(z) = -z**3 - 2*z**2 + 7*z + 5. Let o be t(-4). Suppose -p = 1, -5*p + 56 = y - o. What is the units digit of y?
0
Suppose 105 = 6*h - h. Let o = 12 - h. Let p = 1 - o. What is the tens digit of p?
1
Let a be (8/(-5))/(-4)*-15. What is the tens digit of (-261)/a*2/3?
2
What is the hundreds digit of (-2 - -25)*(2 + 3 + 26)?
7
Let s be (170/(-25))/((-1)/(-5)). Let g = 5 - s. Suppose 0 = 2*a - g - 27. What is the tens digit of a?
3
Let l(s) = 34*s**2 - 1. Let j(g) = -g**2. Let r be j(-1). Let a be